3/(-6). What is the highest common divisor of 3 and m?
3
Suppose -k + 13 - 7 = 0. Let m(p) = 12*p**2 + p - 3. Let b be m(3). Suppose 6*g = 4*g + b. What is the highest common factor of g and k?
6
Suppose 3*o - 7*o + 440 = 0. What is the highest common factor of o and 10?
10
Suppose t + 611 = 6*t - 4*q, -t + 139 = -5*q. Suppose -9 = 2*a - t. What is the highest common factor of 11 and a?
11
Let g(n) = 33*n**3 + 1. Let x be g(1). What is the greatest common factor of 306 and x?
34
Suppose -2*c + 4*n = -14, 21 = 3*c - 3*n + 7*n. Calculate the greatest common divisor of c and 42.
7
Let p be ((-26)/(-4))/((-1)/(-2)). Calculate the greatest common factor of p and 39.
13
Suppose -5*m + 2 - 67 = -5*p, 4*m = -3*p + 32. Calculate the greatest common divisor of p and 24.
12
Let b(u) = -u**3 - 10*u**2 + 10*u - 1. Let r be b(-11). Calculate the highest common factor of 30 and r.
10
Let w(r) = r**3 - r**2 + r + 8. Let f be w(0). Calculate the highest common divisor of f and 40.
8
Let y(w) = -w**3 - 4*w**2 + 2. Let u be y(-6). Let g = u + 31. Calculate the greatest common factor of g and 21.
21
Let a be (130/25)/(5/25). Calculate the highest common divisor of a and 104.
26
Suppose 3*x + 2*z = 15 + 209, 4*z - 16 = 0. Calculate the greatest common divisor of x and 18.
18
Let d = -70 - -165. Let i = -21 + 40. Calculate the greatest common divisor of d and i.
19
Let h be ((-32)/8 + (-2)/(-2))/(-3). What is the highest common divisor of h and 1?
1
Let g be -1 + (3 - 3) + 43. What is the highest common factor of g and 336?
42
Suppose 2*t + 2 = 0, 0 = j + 4*t + 12 + 4. Let b be (-64)/(-3) + 4/j. Calculate the greatest common factor of b and 189.
21
Suppose -2*d = -4*c + 261 - 77, 232 = 5*c - 2*d. Calculate the highest common factor of c and 12.
12
Suppose -17 = 5*h - 62. Let j be -12*(-1 + 6/9). Suppose 5*w - 10 = -0*w - f, j*w + f = h. What is the greatest common factor of 9 and w?
1
Suppose -2*o - 3 = 1, 4*h + 5*o - 530 = 0. What is the highest common factor of 54 and h?
27
Suppose -4*x = -79 + 19. Let f be (-1 - -1)/((-2)/(-1)). Suppose q - 2 - 1 = f. What is the greatest common factor of x and q?
3
Let n be -1*3/(6/(-20)). Let q be (228/n)/(2/5). What is the greatest common divisor of 19 and q?
19
Suppose -5*v - 30 = -2*f - 0*v, -3*f + 2*v = -34. Calculate the highest common factor of 70 and f.
10
Let d = 49 - 17. Calculate the highest common factor of d and 16.
16
Suppose -6*d - 50 = -5*k - d, 0 = 2*d. Let i be 296/30 - (-8)/60. What is the greatest common factor of k and i?
10
Let y be (6/9)/(6/45). Calculate the greatest common divisor of 55 and y.
5
Let u be 90/(-10)*(-1 + -40). What is the highest common divisor of u and 41?
41
Suppose -5*l = -z - 3 - 2, 2 = 2*l - 2*z. Suppose 15 = -3*b - 2*p + 52, -9 = -b + p. What is the greatest common factor of b and l?
1
Suppose 7 = 2*w - j, 2*w = 3*w + 2*j - 6. Suppose -4*q + 21 = 5*i, 4*q - i = w*i + 11. Suppose 10 + 6 = 4*l. Calculate the highest common factor of l and q.
4
Let n = 0 - 0. Suppose 7*b - 2*b - 275 = n. What is the highest common divisor of b and 22?
11
Let a(x) = 2*x + 7. Let z be a(0). Let f be 0 + -1 - (-1 + 0). Suppose f = -3*o + 204 - 15. Calculate the greatest common factor of o and z.
7
Let c = 19 + -17. Suppose -c*l = 4*d + 2, 0*d + 10 = -2*d. Let u(s) = -s**3 + 6*s**2 + 3*s - 9. Let b be u(6). What is the greatest common factor of l and b?
9
Let l be ((-32)/(-24))/(2/93). Let j = l + -34. Calculate the greatest common divisor of 70 and j.
14
Let q = 18 - 6. Suppose 3*w = 2*b + 3*b - 468, 3*b = 4*w + 272. What is the highest common divisor of q and b?
12
Suppose 7*m - 6 = 5*m. Calculate the greatest common factor of m and 9.
3
Let h = 353 + -245. Calculate the greatest common divisor of 162 and h.
54
Let q(m) = 4*m - 9. Let d be q(4). What is the greatest common factor of d and 119?
7
Let i = -4 + 3. Let g = 2 - i. Suppose 2 = -w, -g*b + 1 = 4*w + 3. What is the greatest common divisor of 6 and b?
2
Suppose g + 4 = 3*f - 3*g, -g - 1 = -f. Suppose f*s = -2*s + 330. Suppose 3 + 27 = 2*a. Calculate the greatest common factor of a and s.
15
Let y = 6 - 1. Suppose y*d - d + 2*l - 8 = 0, 2*d = 3*l + 20. Calculate the highest common divisor of d and 10.
2
Suppose x = 2*x + h - 12, 0 = -x + 3*h + 4. Suppose -5*t = -x*t + 40. What is the greatest common divisor of 32 and t?
8
Let v = -21 - -42. Let p = -95 - -109. Calculate the highest common divisor of p and v.
7
Let c be (-12)/(-7)*1*28. Suppose 3*f - 468 = -4*a, 3*f - 464 = -4*a - f. Calculate the greatest common divisor of c and a.
24
Suppose 3*s = -13 + 4. Let g(q) = 2*q**2 + 4*q + 2. Let w be g(s). What is the greatest common factor of 2 and w?
2
Let p be (-536)/(-56) - (-3)/7. Suppose 5*z - 35 = -3*v, -3*v = -0*z - 3*z - 3. Calculate the highest common divisor of v and p.
5
Suppose c - 5*q = 1, 4*q + 21 = -5*c - 3. Let y = c + 10. Let l be 11/2 - 3/y. What is the highest common factor of l and 40?
5
Let j(z) = 4*z**2 - z - 1. Let o = 4 - 11. Let l be j(o). Let t be 2/(-5) - l/(-5). Calculate the greatest common factor of 10 and t.
10
Let j(m) = -6*m - 7. Let k be j(-4). Calculate the greatest common divisor of 119 and k.
17
Let u(t) = 10*t**2 + t - 4. Let j be u(4). What is the highest common factor of 20 and j?
20
Let g = -410 - -594. What is the greatest common divisor of g and 23?
23
Let f(z) = z**2 - z - 1. Let j be f(-2). Let w(a) = a**2 - 4 - j*a + 0*a**2 - 2 + 2. Let s be w(7). Calculate the highest common divisor of 90 and s.
10
Let n(w) = 77*w + 8. Let h be n(2). Calculate the highest common factor of 18 and h.
18
Let y(m) = 1 - 4*m + m - m**2 + 0*m. Let a be y(-3). Let n be (-3)/(-2) + a/2. Calculate the greatest common factor of 1 and n.
1
Suppose 4*d - 38 + 10 = 0. Let z(j) = -j + 1. Let a be z(1). Suppose y = 5*n - 61 - 11, a = -4*y - 8. What is the greatest common factor of n and d?
7
Let z be (-922)/(-5) - (3 + (-13)/5). Calculate the highest common factor of z and 23.
23
Suppose 0 = 4*v - 110 + 38. Let w = -192 + 111. Let d = w + 225. Calculate the greatest common factor of d and v.
18
Suppose 0 = -0*d + 2*d - 4, -l = 5*d - 13. Suppose 3*s - 4*k = -24, -4*k = -l*s - 8*k - 24. Let o = s - -32. Calculate the greatest common factor of 12 and o.
12
Let n = 809 + -374. What is the greatest common factor of n and 15?
15
Let p be (3 - -23 - 4) + -3. What is the highest common divisor of p and 209?
19
Let j = 875 + -869. Let t(f) = -f**3 - 6*f**2 - 4*f + 3. Let o be t(-5). Let q be ((-9)/o)/(1/2). What is the greatest common factor of j and q?
3
Let z(i) be the second derivative of i + 1/20*i**5 - 1/12*i**4 + 3/2*i**2 + 0 - 5/6*i**3. Let n be z(3). What is the highest common divisor of n and 42?
6
Suppose -p - 4*d = -40, 3*d - 59 = -2*p + 11. Suppose 24 = 4*i - p. What is the greatest common divisor of i and 35?
7
Suppose 0 = -r + 6*r + 5. Let m = 2 - r. Let a be (25 - m) + (-1 - -1). Calculate the highest common divisor of 33 and a.
11
Let p = 13 + -4. Let x be 1*p - (6 + -5). What is the highest common divisor of 12 and x?
4
Let h(b) be the third derivative of 13*b**5/30 + b**4/24 + b**3/6 - 2*b**2. Let a be h(-1). Calculate the greatest common divisor of 26 and a.
26
Let u be 668/12 - 1/(-3). Calculate the highest common factor of 8 and u.
8
Let o = 3 + -23. Let q = 31 + o. Calculate the greatest common divisor of q and 99.
11
Let b = -8 + 9. Calculate the greatest common factor of 4 and b.
1
Let j = 43 + -20. What is the greatest common divisor of 115 and j?
23
Suppose w = -5*n + 2, n - w + 14 = -6*w. What is the greatest common factor of n and 8?
1
Let p(n) = n**3 - 4*n**2 - n - 13. Let t be p(5). Calculate the highest common divisor of t and 2.
1
Let z(f) = f + 12. Let h be z(-10). Calculate the highest common divisor of 4 and h.
2
Let o be (-3 - 3)*21/(-9). Suppose k - 5*k = 4*j - 48, -j = 3*k - o. Let l = 12 - -10. What is the highest common factor of l and j?
11
Suppose 4*q = q + 21. What is the highest common divisor of q and 56?
7
Let i = -24 - -99. Let x(c) = -c - 8. Let k be x(-11). Suppose k*v = 8*v - 3*s - 35, 5*s - i = -5*v. What is the greatest common factor of v and 30?
10
Suppose 0 = 5*z - 10, t - 3*z - 11 = -2. Calculate the greatest common factor of 120 and t.
15
Let x = 24 - 5. Let y be (-2)/9 + 2398/18. What i